{"id":44,"date":"2019-03-04T22:45:50","date_gmt":"2019-03-04T22:45:50","guid":{"rendered":"https:\/\/get-input.de\/?page_id=44"},"modified":"2019-03-05T22:17:16","modified_gmt":"2019-03-05T22:17:16","slug":"hilfsprojekte","status":"publish","type":"page","link":"https:\/\/get-input.de\/?page_id=44","title":{"rendered":"Hilfsprojekte"},"content":{"rendered":"\n<p><strong><font color=\"#ef6b00\">\u25ba <\/font><\/strong>Auf  diesen Seiten stellen wir Ihnen unsere Hilfsprojekte im Ausland vor.  Alle Projekte kennen wir von eigenen Besuchen. Die Mitarbeiter vor Ort  kennen wir pers\u00f6nlich. Wir \u00fcberzeugen uns selbst von dem  verantwortlichen Umgang mit unseren Spenden bei der Durchf\u00fchrung der  Projekte.<\/p>\n\n\n\n<p><strong><font color=\"#ef6b00\">\u25ba <\/font><\/strong>Wenn Sie ein Projekt unterst\u00fctzen m\u00f6chten k\u00f6nnen Sie auf folgendes Konto spenden:<\/p>\n\n\n\n<p><strong>Input e.V.<\/strong><br><strong>&#8222;Hilfsprojekte&#8220;<\/strong><br><strong>VR Bank Steinlach-Wiesaz-H\u00e4rten<\/strong><br><strong>Konto: 29017<\/strong><br><strong>BLZ: 64061854<\/strong><br><strong>IBAN: DE42 6406 1854 0000 0290 17<\/strong><br><strong>BIC: GENODES1STW<\/strong><\/p>\n\n\n\n<p><strong><font color=\"#ef6b00\">\u25ba <\/font><\/strong>Wir  sind wegen F\u00f6rderung gemeinn\u00fctzig-religi\u00f6ser und mildt\u00e4tiger Zwecke  nach dem letzten uns zugegangenen Freistellungsbescheid des Finanzamtes  T\u00fcbingen  StNr. 86166\/54280 vom 01.02.2019 als gemeinn\u00fctzig anerkannt  und nach \u00a7 5 Abs.1 Nr. 9 des K\u00f6rperschaftsteuergesetzes von der  K\u00f6rperschaftsteuer befreit.<\/p>\n\n\n\n<p><strong>Bitte geben Sie den Namen und Ihre Anschrift auf der \u00dcberweisung an, damit wir Ihnen eine Spendenbescheinigung zusenden k\u00f6nnen.<\/strong><\/p>\n","protected":false},"excerpt":{"rendered":"<p>\u25ba Auf diesen Seiten stellen wir Ihnen unsere Hilfsprojekte im Ausland vor. Alle Projekte kennen wir von eigenen Besuchen. Die Mitarbeiter vor Ort kennen wir pers\u00f6nlich. Wir \u00fcberzeugen uns selbst von dem verantwortlichen Umgang mit unseren Spenden bei der Durchf\u00fchrung der Projekte. \u25ba Wenn Sie ein Projekt unterst\u00fctzen m\u00f6chten k\u00f6nnen Sie auf folgendes Konto spenden: &hellip; <\/p>\n<p class=\"link-more\"><a href=\"https:\/\/get-input.de\/?page_id=44\" class=\"more-link\"><span class=\"screen-reader-text\">\u201eHilfsprojekte\u201c<\/span> weiterlesen<\/a><\/p>\n","protected":false},"author":1,"featured_media":0,"parent":0,"menu_order":0,"comment_status":"closed","ping_status":"closed","template":"","meta":[],"_links":{"self":[{"href":"https:\/\/get-input.de\/index.php?rest_route=\/wp\/v2\/pages\/44"}],"collection":[{"href":"https:\/\/get-input.de\/index.php?rest_route=\/wp\/v2\/pages"}],"about":[{"href":"https:\/\/get-input.de\/index.php?rest_route=\/wp\/v2\/types\/page"}],"author":[{"embeddable":true,"href":"https:\/\/get-input.de\/index.php?rest_route=\/wp\/v2\/users\/1"}],"replies":[{"embeddable":true,"href":"https:\/\/get-input.de\/index.php?rest_route=%2Fwp%2Fv2%2Fcomments&post=44"}],"version-history":[{"count":8,"href":"https:\/\/get-input.de\/index.php?rest_route=\/wp\/v2\/pages\/44\/revisions"}],"predecessor-version":[{"id":172,"href":"https:\/\/get-input.de\/index.php?rest_route=\/wp\/v2\/pages\/44\/revisions\/172"}],"wp:attachment":[{"href":"https:\/\/get-input.de\/index.php?rest_route=%2Fwp%2Fv2%2Fmedia&parent=44"}],"curies":[{"name":"wp","href":"https:\/\/api.w.org\/{rel}","templated":true}]}}